 of 3025269?
6
What is the millions digit of 4743216644?
3
What is the units digit of 89596926?
6
What is the hundreds digit of 172267059?
0
What is the hundreds digit of 1006973676?
6
What is the tens digit of 96676629?
2
What is the hundred thousands digit of 337628979?
6
What is the tens digit of 169645541?
4
What is the hundred thousands digit of 184010294?
0
What is the hundred thousands digit of 400545498?
5
What is the ten thousands digit of 5837588?
3
What is the thousands digit of 166373560?
3
What is the hundreds digit of 142952126?
1
What is the hundred millions digit of 4995088928?
9
What is the ten thousands digit of 110385111?
8
What is the hundred thousands digit of 18525491?
5
What is the thousands digit of 63275600?
5
What is the hundreds digit of 46789402?
4
What is the hundreds digit of 7795317533?
5
What is the hundreds digit of 1428111234?
2
What is the hundreds digit of 1184046064?
0
What is the thousands digit of 89151176?
1
What is the ten millions digit of 210056903?
1
What is the hundred thousands digit of 144108107?
1
What is the millions digit of 1143279198?
3
What is the ten thousands digit of 730957280?
5
What is the tens digit of 63594705?
0
What is the tens digit of 884448607?
0
What is the ten thousands digit of 1907102284?
0
What is the millions digit of 5087919801?
7
What is the units digit of 377708591?
1
What is the units digit of 4261201106?
6
What is the tens digit of 9286133?
3
What is the hundred millions digit of 220524131?
2
What is the ten thousands digit of 12525833?
2
What is the units digit of 15376734?
4
What is the hundred millions digit of 6319417743?
3
What is the ten thousands digit of 94528691?
2
What is the hundred millions digit of 202094349?
2
What is the thousands digit of 155256821?
6
What is the hundred millions digit of 4541265941?
5
What is the billions digit of 1102757553?
1
What is the ten thousands digit of 1183777574?
7
What is the ten thousands digit of 166871503?
7
What is the thousands digit of 303862149?
2
What is the ten thousands digit of 203514522?
1
What is the hundred thousands digit of 53080376?
0
What is the hundred millions digit of 4298125487?
2
What is the hundred millions digit of 185629669?
1
What is the millions digit of 1531647078?
1
What is the millions digit of 43927791?
3
What is the ten millions digit of 372991006?
7
What is the ten thousands digit of 1852633229?
3
What is the ten millions digit of 1637862525?
3
What is the units digit of 3408029775?
5
What is the ten millions digit of 83145380?
8
What is the billions digit of 8204433228?
8
What is the ten thousands digit of 124942026?
4
What is the tens digit of 37259473?
7
What is the hundred millions digit of 432259366?
4
What is the billions digit of 6132696752?
6
What is the hundred millions digit of 141930104?
1
What is the ten millions digit of 71950602?
7
What is the ten thousands digit of 214224482?
2
What is the hundred thousands digit of 36547567?
5
What is the hundreds digit of 226690727?
7
What is the hundred millions digit of 465849669?
4
What is the tens digit of 74065702?
0
What is the millions digit of 1155992030?
5
What is the hundreds digit of 145010915?
9
What is the hundred thousands digit of 157536708?
5
What is the hundred thousands digit of 1066496587?
4
What is the ten thousands digit of 4458886?
5
What is the hundred thousands digit of 17825116?
8
What is the thousands digit of 266904425?
4
What is the millions digit of 117638038?
7
What is the tens digit of 84077967?
6
What is the ten millions digit of 67718119?
6
What is the hundred millions digit of 659318361?
6
What is the thousands digit of 465583129?
3
What is the ten thousands digit of 552865476?
6
What is the tens digit of 267779131?
3
What is the millions digit of 50389360?
0
What is the ten thousands digit of 24663949?
6
What is the hundreds digit of 16008951?
9
What is the units digit of 38685413?
3
What is the millions digit of 2411642740?
1
What is the ten thousands digit of 16597794?
9
What is the ten thousands digit of 95280148?
8
What is the hundreds digit of 210995477?
4
What is the ten millions digit of 2255235695?
5
What is the hundred thousands digit of 27521013?
5
What is the hundred thousands digit of 2458692101?
6
What is the millions digit of 585070976?
5
What is the hundred thousands digit of 247154559?
1
What is the hundreds digit of 247350418?
4
What is the millions digit of 506250317?
6
What is the hundred thousands digit of 655143598?
1
What is the tens digit of 4262725274?
7
What is the ten thousands digit of 351088345?
8
What is the tens digit of 1729667114?
1
What is the ten millions digit of 3825354894?
2
What is the thousands digit of 252051110?
1
What is the hundreds digit of 59646250?
2
What is the millions digit of 230434146?
0
What is the hundreds digit of 20212334?
3
What is the millions digit of 2008811024?
8
What is the hundreds digit of 660185748?
7
What is the millions digit of 146648885?
6
What is the millions digit of 1483132176?
3
What is the ten millions digit of 574355374?
7
What is the units digit of 41659638?
8
What is the ten thousands digit of 70649421?
4
What is the hundred millions digit of 153020594?
1
What is the hundred thousands digit of 48777140?
7
What is the units digit of 4003805158?
8
What is the hundred millions digit of 312510881?
3
What is the tens digit of 1857189316?
1
What is the ten millions digit of 58917354?
5
What is the thousands digit of 9192004?
2
What is the millions digit of 7612377?
7
What is the ten millions digit of 259145834?
5
What is the thousands digit of 741285039?
5
What is the millions digit of 2114951468?
4
What is the tens digit of 940205603?
0
What is the millions digit of 54840664?
4
What is the ten millions digit of 5366332092?
6
What is the ten thousands digit of 816925005?
2
What is the hundreds digit of 951104170?
1
What is the units digit of 41464596?
6
What is the tens digit of 12694527?
2
What is the tens digit of 39665815?
1
What is the units digit of 90877701?
1
What is the hundred thousands digit of 934874626?
8
What is the ten thousands digit of 1138952103?
5
What is the billions digit of 3111361503?
3
What is the thousands digit of 2601833?
1
What is the millions digit of 248578244?
8
What is the ten thousands digit of 10559055?
5
What is the hundred thousands digit of 6771712838?
7
What is the units digit of 127201876?
6
What is the ten thousands digit of 62298448?
9
What is the ten thousands digit of 101334538?
3
What is the hundred millions digit of 1159763790?
1
What is the hundred millions digit of 119864886?
1
What is the ten thousands digit of 322183216?
8
What is the thousands digit of 320507735?
7
What is the ten millions digit of 14067833?
1
What is the ten millions digit of 87278842?
8
What is the ten millions digit of 71897003?
7
What is the thousands digit of 43561388?
1
What is the ten thousands digit of 237167426?
6
What is the hundreds digit of 207096037?
0
What is the hundreds digit of 3724467343?
3
What is the thousands digit of 18663740?
3
What is the thousands digit of 1305581893?
1
What is the units digit of 7247240317?
7
What is the hundreds digit of 3011163625?
6
What is the ten millions digit of 74009732?
7
What is the hundreds digit of 2284159564?
5
What is the tens digit of 4497247233?
3
What is the millions digit of 105741827?
5
What is the ten thousands digit of 66653658?
5
What is the thousands digit of 33773871?
3
What is the ten thousands digit of 25004122?
0
What is the hundreds digit of 709681430?
4
What is the ten thousands digit of 24437806?
3
What is the hundred millions digit of 886498262?
8
What is the hundred thousands digit of 559108476?
1
What is the ten millions digit of 2895230607?
9
What is the hundred millions digit of 133781397?
1
What is the ten thousands digit of 89891644?
9
What is the hundreds digit of 56955030?
0
What is the hundred thousands digit of 390006711?
0
What is the tens digit of 4076198598?
9
What is the hundred thousands digit of 870069086?
0
What is the thousands digit of 41859845?
9
What is the ten thousands digit of 51014328?
1
What is the millions digit of 34333349?
4
What is the units digit of 408481055?
5
What is the ten thousands digit of 31305236?
0
What i